{"id":1114,"date":"2025-11-24T07:51:07","date_gmt":"2025-11-24T07:51:07","guid":{"rendered":"https:\/\/megapari.games\/?page_id=1114"},"modified":"2025-12-20T14:06:07","modified_gmt":"2025-12-20T14:06:07","slug":"hockey-betting","status":"publish","type":"page","link":"https:\/\/megapari.games\/hungary\/hockey-betting\/","title":{"rendered":"J\u00e9gkorong"},"content":{"rendered":"","protected":false},"excerpt":{"rendered":"","protected":false},"author":1,"featured_media":0,"parent":0,"menu_order":0,"comment_status":"closed","ping_status":"closed","template":"","meta":{"inline_featured_image":false,"footnotes":""},"class_list":["post-1114","page","type-page","status-publish","hentry"],"yoast_head":"<!-- This site is optimized with the Yoast SEO plugin v27.5 - https:\/\/yoast.com\/product\/yoast-seo-wordpress\/ -->\n<title>Megapari J\u00e9gkorong fogad\u00e1sok | Fel\u00e1ll\u00e1s, elemz\u00e9sek, b\u00f3nuszok<\/title>\n<meta name=\"description\" content=\"Hoki fogad\u00e1sok a Megapari-n: r\u00e9szletes NHL \u00e9s KHL m\u00e9rk\u0151z\u00e9slist\u00e1k, j\u00e1t\u00e9kosstatisztik\u00e1k, \u00e9l\u0151 adatok \u00e9s k\u00e9nyelmes sz\u0171r\u0151k. Ismerje meg a platform k\u00e9pess\u00e9geit, elemz\u00e9si funkci\u00f3it \u00e9s el\u00e9rhet\u0151 b\u00f3nuszprogramjait.\" \/>\n<meta name=\"robots\" content=\"index, follow, max-snippet:-1, max-image-preview:large, max-video-preview:-1\" \/>\n<link rel=\"canonical\" href=\"https:\/\/megapari.games\/hungary\/hockey-betting\/\" \/>\n<meta property=\"og:locale\" content=\"hu_HU\" \/>\n<meta property=\"og:type\" content=\"article\" \/>\n<meta property=\"og:title\" content=\"Megapari J\u00e9gkorong fogad\u00e1sok | Fel\u00e1ll\u00e1s, elemz\u00e9sek, b\u00f3nuszok\" \/>\n<meta property=\"og:description\" content=\"Hoki fogad\u00e1sok a Megapari-n: r\u00e9szletes NHL \u00e9s KHL m\u00e9rk\u0151z\u00e9slist\u00e1k, j\u00e1t\u00e9kosstatisztik\u00e1k, \u00e9l\u0151 adatok \u00e9s k\u00e9nyelmes sz\u0171r\u0151k. Ismerje meg a platform k\u00e9pess\u00e9geit, elemz\u00e9si funkci\u00f3it \u00e9s el\u00e9rhet\u0151 b\u00f3nuszprogramjait.\" \/>\n<meta property=\"og:url\" content=\"https:\/\/megapari.games\/hungary\/hockey-betting\/\" \/>\n<meta property=\"og:site_name\" content=\"Megapari Games hu\" \/>\n<meta property=\"article:modified_time\" content=\"2025-12-20T14:06:07+00:00\" \/>\n<meta name=\"twitter:card\" content=\"summary_large_image\" \/>\n<script type=\"application\/ld+json\" class=\"yoast-schema-graph\">{\"@context\":\"https:\\\/\\\/schema.org\",\"@graph\":[{\"@type\":\"WebPage\",\"@id\":\"https:\\\/\\\/megapari.games\\\/hungary\\\/hockey-betting\\\/\",\"url\":\"https:\\\/\\\/megapari.games\\\/hungary\\\/hockey-betting\\\/\",\"name\":\"Megapari J\u00e9gkorong fogad\u00e1sok | Fel\u00e1ll\u00e1s, elemz\u00e9sek, b\u00f3nuszok\",\"isPartOf\":{\"@id\":\"https:\\\/\\\/megapari.games\\\/hungary\\\/#website\"},\"datePublished\":\"2025-11-24T07:51:07+00:00\",\"dateModified\":\"2025-12-20T14:06:07+00:00\",\"description\":\"Hoki fogad\u00e1sok a Megapari-n: r\u00e9szletes NHL \u00e9s KHL m\u00e9rk\u0151z\u00e9slist\u00e1k, j\u00e1t\u00e9kosstatisztik\u00e1k, \u00e9l\u0151 adatok \u00e9s k\u00e9nyelmes sz\u0171r\u0151k. Ismerje meg a platform k\u00e9pess\u00e9geit, elemz\u00e9si funkci\u00f3it \u00e9s el\u00e9rhet\u0151 b\u00f3nuszprogramjait.\",\"breadcrumb\":{\"@id\":\"https:\\\/\\\/megapari.games\\\/hungary\\\/hockey-betting\\\/#breadcrumb\"},\"inLanguage\":\"hu\",\"potentialAction\":[{\"@type\":\"ReadAction\",\"target\":[\"https:\\\/\\\/megapari.games\\\/hungary\\\/hockey-betting\\\/\"]}]},{\"@type\":\"BreadcrumbList\",\"@id\":\"https:\\\/\\\/megapari.games\\\/hungary\\\/hockey-betting\\\/#breadcrumb\",\"itemListElement\":[{\"@type\":\"ListItem\",\"position\":1,\"name\":\"\u0413\u043b\u0430\u0432\u043d\u0430\u044f \u0441\u0442\u0440\u0430\u043d\u0438\u0446\u0430\",\"item\":\"https:\\\/\\\/megapari.games\\\/hungary\\\/\"},{\"@type\":\"ListItem\",\"position\":2,\"name\":\"J\u00e9gkorong\"}]},{\"@type\":\"WebSite\",\"@id\":\"https:\\\/\\\/megapari.games\\\/hungary\\\/#website\",\"url\":\"https:\\\/\\\/megapari.games\\\/hungary\\\/\",\"name\":\"Megapari Games hu\",\"description\":\"My WordPress Blog\",\"potentialAction\":[{\"@type\":\"SearchAction\",\"target\":{\"@type\":\"EntryPoint\",\"urlTemplate\":\"https:\\\/\\\/megapari.games\\\/hungary\\\/?s={search_term_string}\"},\"query-input\":{\"@type\":\"PropertyValueSpecification\",\"valueRequired\":true,\"valueName\":\"search_term_string\"}}],\"inLanguage\":\"hu\"}]}<\/script>\n<!-- \/ Yoast SEO plugin. -->","yoast_head_json":{"title":"Megapari J\u00e9gkorong fogad\u00e1sok | Fel\u00e1ll\u00e1s, elemz\u00e9sek, b\u00f3nuszok","description":"Hoki fogad\u00e1sok a Megapari-n: r\u00e9szletes NHL \u00e9s KHL m\u00e9rk\u0151z\u00e9slist\u00e1k, j\u00e1t\u00e9kosstatisztik\u00e1k, \u00e9l\u0151 adatok \u00e9s k\u00e9nyelmes sz\u0171r\u0151k. Ismerje meg a platform k\u00e9pess\u00e9geit, elemz\u00e9si funkci\u00f3it \u00e9s el\u00e9rhet\u0151 b\u00f3nuszprogramjait.","robots":{"index":"index","follow":"follow","max-snippet":"max-snippet:-1","max-image-preview":"max-image-preview:large","max-video-preview":"max-video-preview:-1"},"canonical":"https:\/\/megapari.games\/hungary\/hockey-betting\/","og_locale":"hu_HU","og_type":"article","og_title":"Megapari J\u00e9gkorong fogad\u00e1sok | Fel\u00e1ll\u00e1s, elemz\u00e9sek, b\u00f3nuszok","og_description":"Hoki fogad\u00e1sok a Megapari-n: r\u00e9szletes NHL \u00e9s KHL m\u00e9rk\u0151z\u00e9slist\u00e1k, j\u00e1t\u00e9kosstatisztik\u00e1k, \u00e9l\u0151 adatok \u00e9s k\u00e9nyelmes sz\u0171r\u0151k. Ismerje meg a platform k\u00e9pess\u00e9geit, elemz\u00e9si funkci\u00f3it \u00e9s el\u00e9rhet\u0151 b\u00f3nuszprogramjait.","og_url":"https:\/\/megapari.games\/hungary\/hockey-betting\/","og_site_name":"Megapari Games hu","article_modified_time":"2025-12-20T14:06:07+00:00","twitter_card":"summary_large_image","schema":{"@context":"https:\/\/schema.org","@graph":[{"@type":"WebPage","@id":"https:\/\/megapari.games\/hungary\/hockey-betting\/","url":"https:\/\/megapari.games\/hungary\/hockey-betting\/","name":"Megapari J\u00e9gkorong fogad\u00e1sok | Fel\u00e1ll\u00e1s, elemz\u00e9sek, b\u00f3nuszok","isPartOf":{"@id":"https:\/\/megapari.games\/hungary\/#website"},"datePublished":"2025-11-24T07:51:07+00:00","dateModified":"2025-12-20T14:06:07+00:00","description":"Hoki fogad\u00e1sok a Megapari-n: r\u00e9szletes NHL \u00e9s KHL m\u00e9rk\u0151z\u00e9slist\u00e1k, j\u00e1t\u00e9kosstatisztik\u00e1k, \u00e9l\u0151 adatok \u00e9s k\u00e9nyelmes sz\u0171r\u0151k. Ismerje meg a platform k\u00e9pess\u00e9geit, elemz\u00e9si funkci\u00f3it \u00e9s el\u00e9rhet\u0151 b\u00f3nuszprogramjait.","breadcrumb":{"@id":"https:\/\/megapari.games\/hungary\/hockey-betting\/#breadcrumb"},"inLanguage":"hu","potentialAction":[{"@type":"ReadAction","target":["https:\/\/megapari.games\/hungary\/hockey-betting\/"]}]},{"@type":"BreadcrumbList","@id":"https:\/\/megapari.games\/hungary\/hockey-betting\/#breadcrumb","itemListElement":[{"@type":"ListItem","position":1,"name":"\u0413\u043b\u0430\u0432\u043d\u0430\u044f \u0441\u0442\u0440\u0430\u043d\u0438\u0446\u0430","item":"https:\/\/megapari.games\/hungary\/"},{"@type":"ListItem","position":2,"name":"J\u00e9gkorong"}]},{"@type":"WebSite","@id":"https:\/\/megapari.games\/hungary\/#website","url":"https:\/\/megapari.games\/hungary\/","name":"Megapari Games hu","description":"My WordPress Blog","potentialAction":[{"@type":"SearchAction","target":{"@type":"EntryPoint","urlTemplate":"https:\/\/megapari.games\/hungary\/?s={search_term_string}"},"query-input":{"@type":"PropertyValueSpecification","valueRequired":true,"valueName":"search_term_string"}}],"inLanguage":"hu"}]}},"_links":{"self":[{"href":"https:\/\/megapari.games\/hungary\/wp-json\/wp\/v2\/pages\/1114","targetHints":{"allow":["GET"]}}],"collection":[{"href":"https:\/\/megapari.games\/hungary\/wp-json\/wp\/v2\/pages"}],"about":[{"href":"https:\/\/megapari.games\/hungary\/wp-json\/wp\/v2\/types\/page"}],"author":[{"embeddable":true,"href":"https:\/\/megapari.games\/hungary\/wp-json\/wp\/v2\/users\/1"}],"replies":[{"embeddable":true,"href":"https:\/\/megapari.games\/hungary\/wp-json\/wp\/v2\/comments?post=1114"}],"version-history":[{"count":2,"href":"https:\/\/megapari.games\/hungary\/wp-json\/wp\/v2\/pages\/1114\/revisions"}],"predecessor-version":[{"id":1186,"href":"https:\/\/megapari.games\/hungary\/wp-json\/wp\/v2\/pages\/1114\/revisions\/1186"}],"wp:attachment":[{"href":"https:\/\/megapari.games\/hungary\/wp-json\/wp\/v2\/media?parent=1114"}],"curies":[{"name":"wp","href":"https:\/\/api.w.org\/{rel}","templated":true}]}}