{"id":2,"date":"2023-05-18T17:18:34","date_gmt":"2023-05-18T17:18:34","guid":{"rendered":"https:\/\/megapari.games\/hungary\/?page_id=2"},"modified":"2025-12-20T15:13:30","modified_gmt":"2025-12-20T15:13:30","slug":"sample-page","status":"publish","type":"page","link":"https:\/\/megapari.games\/hungary\/","title":{"rendered":"Otthon"},"content":{"rendered":"","protected":false},"excerpt":{"rendered":"","protected":false},"author":1,"featured_media":0,"parent":0,"menu_order":0,"comment_status":"closed","ping_status":"open","template":"","meta":{"inline_featured_image":false,"footnotes":""},"class_list":["post-2","page","type-page","status-publish","hentry"],"yoast_head":"<!-- This site is optimized with the Yoast SEO plugin v27.3 - https:\/\/yoast.com\/product\/yoast-seo-wordpress\/ -->\n<title>Megapari \u27a0 Sportfogad\u00e1s \u00e9s kaszin\u00f3 oldal 2026 \u1409 Bejelentkez\u00e9s<\/title>\n<meta name=\"description\" content=\"Kezdj el j\u00e1tszani a Mega Pari weboldal\u00e1n \u00e9s kapj \u00fcdv\u00f6zl\u0151 b\u00f3nuszt ak\u00e1r 40000 forintig az els\u0151 befizet\u00e9sedre \u2714\ufe0f Regisztr\u00e1lj \u00e9s kezdj el fogadni most!\" \/>\n<meta name=\"robots\" content=\"index, follow, max-snippet:-1, max-image-preview:large, max-video-preview:-1\" \/>\n<link rel=\"canonical\" href=\"https:\/\/megapari.games\/hungary\/\" \/>\n<meta property=\"og:locale\" content=\"hu_HU\" \/>\n<meta property=\"og:type\" content=\"article\" \/>\n<meta property=\"og:title\" content=\"Megapari \u27a0 Sportfogad\u00e1s \u00e9s kaszin\u00f3 oldal 2026 \u1409 Bejelentkez\u00e9s\" \/>\n<meta property=\"og:description\" content=\"Kezdj el j\u00e1tszani a Mega Pari weboldal\u00e1n \u00e9s kapj \u00fcdv\u00f6zl\u0151 b\u00f3nuszt ak\u00e1r 40000 forintig az els\u0151 befizet\u00e9sedre \u2714\ufe0f Regisztr\u00e1lj \u00e9s kezdj el fogadni most!\" \/>\n<meta property=\"og:url\" content=\"https:\/\/megapari.games\/hungary\/\" \/>\n<meta property=\"og:site_name\" content=\"Megapari Games hu\" \/>\n<meta property=\"article:modified_time\" content=\"2025-12-20T15:13:30+00:00\" \/>\n<meta name=\"twitter:card\" content=\"summary_large_image\" \/>\n<script type=\"application\/ld+json\" class=\"yoast-schema-graph\">{\"@context\":\"https:\\\/\\\/schema.org\",\"@graph\":[{\"@type\":\"WebPage\",\"@id\":\"https:\\\/\\\/megapari.games\\\/hungary\\\/\",\"url\":\"https:\\\/\\\/megapari.games\\\/hungary\\\/\",\"name\":\"Megapari \u27a0 Sportfogad\u00e1s \u00e9s kaszin\u00f3 oldal 2026 \u1409 Bejelentkez\u00e9s\",\"isPartOf\":{\"@id\":\"https:\\\/\\\/megapari.games\\\/hungary\\\/#website\"},\"datePublished\":\"2023-05-18T17:18:34+00:00\",\"dateModified\":\"2025-12-20T15:13:30+00:00\",\"description\":\"Kezdj el j\u00e1tszani a Mega Pari weboldal\u00e1n \u00e9s kapj \u00fcdv\u00f6zl\u0151 b\u00f3nuszt ak\u00e1r 40000 forintig az els\u0151 befizet\u00e9sedre \u2714\ufe0f Regisztr\u00e1lj \u00e9s kezdj el fogadni most!\",\"breadcrumb\":{\"@id\":\"https:\\\/\\\/megapari.games\\\/hungary\\\/#breadcrumb\"},\"inLanguage\":\"hu\",\"potentialAction\":[{\"@type\":\"ReadAction\",\"target\":[\"https:\\\/\\\/megapari.games\\\/hungary\\\/\"]}]},{\"@type\":\"BreadcrumbList\",\"@id\":\"https:\\\/\\\/megapari.games\\\/hungary\\\/#breadcrumb\",\"itemListElement\":[{\"@type\":\"ListItem\",\"position\":1,\"name\":\"\u0413\u043b\u0430\u0432\u043d\u0430\u044f \u0441\u0442\u0440\u0430\u043d\u0438\u0446\u0430\",\"item\":\"https:\\\/\\\/megapari.games\\\/hungary\\\/\"},{\"@type\":\"ListItem\",\"position\":2,\"name\":\"Otthon\"}]},{\"@type\":\"WebSite\",\"@id\":\"https:\\\/\\\/megapari.games\\\/hungary\\\/#website\",\"url\":\"https:\\\/\\\/megapari.games\\\/hungary\\\/\",\"name\":\"Megapari Games hu\",\"description\":\"My WordPress Blog\",\"potentialAction\":[{\"@type\":\"SearchAction\",\"target\":{\"@type\":\"EntryPoint\",\"urlTemplate\":\"https:\\\/\\\/megapari.games\\\/hungary\\\/?s={search_term_string}\"},\"query-input\":{\"@type\":\"PropertyValueSpecification\",\"valueRequired\":true,\"valueName\":\"search_term_string\"}}],\"inLanguage\":\"hu\"}]}<\/script>\n<!-- \/ Yoast SEO plugin. -->","yoast_head_json":{"title":"Megapari \u27a0 Sportfogad\u00e1s \u00e9s kaszin\u00f3 oldal 2026 \u1409 Bejelentkez\u00e9s","description":"Kezdj el j\u00e1tszani a Mega Pari weboldal\u00e1n \u00e9s kapj \u00fcdv\u00f6zl\u0151 b\u00f3nuszt ak\u00e1r 40000 forintig az els\u0151 befizet\u00e9sedre \u2714\ufe0f Regisztr\u00e1lj \u00e9s kezdj el fogadni most!","robots":{"index":"index","follow":"follow","max-snippet":"max-snippet:-1","max-image-preview":"max-image-preview:large","max-video-preview":"max-video-preview:-1"},"canonical":"https:\/\/megapari.games\/hungary\/","og_locale":"hu_HU","og_type":"article","og_title":"Megapari \u27a0 Sportfogad\u00e1s \u00e9s kaszin\u00f3 oldal 2026 \u1409 Bejelentkez\u00e9s","og_description":"Kezdj el j\u00e1tszani a Mega Pari weboldal\u00e1n \u00e9s kapj \u00fcdv\u00f6zl\u0151 b\u00f3nuszt ak\u00e1r 40000 forintig az els\u0151 befizet\u00e9sedre \u2714\ufe0f Regisztr\u00e1lj \u00e9s kezdj el fogadni most!","og_url":"https:\/\/megapari.games\/hungary\/","og_site_name":"Megapari Games hu","article_modified_time":"2025-12-20T15:13:30+00:00","twitter_card":"summary_large_image","schema":{"@context":"https:\/\/schema.org","@graph":[{"@type":"WebPage","@id":"https:\/\/megapari.games\/hungary\/","url":"https:\/\/megapari.games\/hungary\/","name":"Megapari \u27a0 Sportfogad\u00e1s \u00e9s kaszin\u00f3 oldal 2026 \u1409 Bejelentkez\u00e9s","isPartOf":{"@id":"https:\/\/megapari.games\/hungary\/#website"},"datePublished":"2023-05-18T17:18:34+00:00","dateModified":"2025-12-20T15:13:30+00:00","description":"Kezdj el j\u00e1tszani a Mega Pari weboldal\u00e1n \u00e9s kapj \u00fcdv\u00f6zl\u0151 b\u00f3nuszt ak\u00e1r 40000 forintig az els\u0151 befizet\u00e9sedre \u2714\ufe0f Regisztr\u00e1lj \u00e9s kezdj el fogadni most!","breadcrumb":{"@id":"https:\/\/megapari.games\/hungary\/#breadcrumb"},"inLanguage":"hu","potentialAction":[{"@type":"ReadAction","target":["https:\/\/megapari.games\/hungary\/"]}]},{"@type":"BreadcrumbList","@id":"https:\/\/megapari.games\/hungary\/#breadcrumb","itemListElement":[{"@type":"ListItem","position":1,"name":"\u0413\u043b\u0430\u0432\u043d\u0430\u044f \u0441\u0442\u0440\u0430\u043d\u0438\u0446\u0430","item":"https:\/\/megapari.games\/hungary\/"},{"@type":"ListItem","position":2,"name":"Otthon"}]},{"@type":"WebSite","@id":"https:\/\/megapari.games\/hungary\/#website","url":"https:\/\/megapari.games\/hungary\/","name":"Megapari Games hu","description":"My WordPress Blog","potentialAction":[{"@type":"SearchAction","target":{"@type":"EntryPoint","urlTemplate":"https:\/\/megapari.games\/hungary\/?s={search_term_string}"},"query-input":{"@type":"PropertyValueSpecification","valueRequired":true,"valueName":"search_term_string"}}],"inLanguage":"hu"}]}},"_links":{"self":[{"href":"https:\/\/megapari.games\/hungary\/wp-json\/wp\/v2\/pages\/2","targetHints":{"allow":["GET"]}}],"collection":[{"href":"https:\/\/megapari.games\/hungary\/wp-json\/wp\/v2\/pages"}],"about":[{"href":"https:\/\/megapari.games\/hungary\/wp-json\/wp\/v2\/types\/page"}],"author":[{"embeddable":true,"href":"https:\/\/megapari.games\/hungary\/wp-json\/wp\/v2\/users\/1"}],"replies":[{"embeddable":true,"href":"https:\/\/megapari.games\/hungary\/wp-json\/wp\/v2\/comments?post=2"}],"version-history":[{"count":12,"href":"https:\/\/megapari.games\/hungary\/wp-json\/wp\/v2\/pages\/2\/revisions"}],"predecessor-version":[{"id":1195,"href":"https:\/\/megapari.games\/hungary\/wp-json\/wp\/v2\/pages\/2\/revisions\/1195"}],"wp:attachment":[{"href":"https:\/\/megapari.games\/hungary\/wp-json\/wp\/v2\/media?parent=2"}],"curies":[{"name":"wp","href":"https:\/\/api.w.org\/{rel}","templated":true}]}}