{"id":226,"date":"2024-06-17T11:49:59","date_gmt":"2024-06-17T11:49:59","guid":{"rendered":"https:\/\/megapari.games\/iceland\/?page_id=226"},"modified":"2025-03-02T15:14:27","modified_gmt":"2025-03-02T15:14:27","slug":"mobile","status":"publish","type":"page","link":"https:\/\/megapari.games\/iceland\/mobile\/","title":{"rendered":"App"},"content":{"rendered":"","protected":false},"excerpt":{"rendered":"","protected":false},"author":1,"featured_media":0,"parent":0,"menu_order":0,"comment_status":"closed","ping_status":"closed","template":"","meta":{"inline_featured_image":false,"footnotes":""},"class_list":["post-226","page","type-page","status-publish","hentry"],"yoast_head":"<!-- This site is optimized with the Yoast SEO plugin v27.5 - https:\/\/yoast.com\/product\/yoast-seo-wordpress\/ -->\n<title>Megapari \u00cdsland app S\u00e6kja \u00f3keypis fyrir Android og iOS 2026<\/title>\n<meta name=\"description\" content=\"S\u00e6ktu opinbera Megapari appi\u00f0 fyrir Android (APK) og iOS fyrir \u00ed\u00fer\u00f3ttir og ve\u00f0m\u00e1l \u00e1 netinu | N\u00fdjasta Megapari APK \u00fatg\u00e1fan 1.2.4\" \/>\n<meta name=\"robots\" content=\"index, follow, max-snippet:-1, max-image-preview:large, max-video-preview:-1\" \/>\n<link rel=\"canonical\" href=\"https:\/\/megapari.games\/iceland\/mobile\/\" \/>\n<meta property=\"og:locale\" content=\"is_IS\" \/>\n<meta property=\"og:type\" content=\"article\" \/>\n<meta property=\"og:title\" content=\"Megapari \u00cdsland app S\u00e6kja \u00f3keypis fyrir Android og iOS 2026\" \/>\n<meta property=\"og:description\" content=\"S\u00e6ktu opinbera Megapari appi\u00f0 fyrir Android (APK) og iOS fyrir \u00ed\u00fer\u00f3ttir og ve\u00f0m\u00e1l \u00e1 netinu | N\u00fdjasta Megapari APK \u00fatg\u00e1fan 1.2.4\" \/>\n<meta property=\"og:url\" content=\"https:\/\/megapari.games\/iceland\/mobile\/\" \/>\n<meta property=\"og:site_name\" content=\"megapari games is\" \/>\n<meta property=\"article:modified_time\" content=\"2025-03-02T15:14:27+00:00\" \/>\n<meta name=\"twitter:card\" content=\"summary_large_image\" \/>\n<script type=\"application\/ld+json\" class=\"yoast-schema-graph\">{\"@context\":\"https:\\\/\\\/schema.org\",\"@graph\":[{\"@type\":\"WebPage\",\"@id\":\"https:\\\/\\\/megapari.games\\\/iceland\\\/mobile\\\/\",\"url\":\"https:\\\/\\\/megapari.games\\\/iceland\\\/mobile\\\/\",\"name\":\"Megapari \u00cdsland app S\u00e6kja \u00f3keypis fyrir Android og iOS 2026\",\"isPartOf\":{\"@id\":\"https:\\\/\\\/megapari.games\\\/iceland\\\/#website\"},\"datePublished\":\"2024-06-17T11:49:59+00:00\",\"dateModified\":\"2025-03-02T15:14:27+00:00\",\"description\":\"S\u00e6ktu opinbera Megapari appi\u00f0 fyrir Android (APK) og iOS fyrir \u00ed\u00fer\u00f3ttir og ve\u00f0m\u00e1l \u00e1 netinu | N\u00fdjasta Megapari APK \u00fatg\u00e1fan 1.2.4\",\"breadcrumb\":{\"@id\":\"https:\\\/\\\/megapari.games\\\/iceland\\\/mobile\\\/#breadcrumb\"},\"inLanguage\":\"is\",\"potentialAction\":[{\"@type\":\"ReadAction\",\"target\":[\"https:\\\/\\\/megapari.games\\\/iceland\\\/mobile\\\/\"]}]},{\"@type\":\"BreadcrumbList\",\"@id\":\"https:\\\/\\\/megapari.games\\\/iceland\\\/mobile\\\/#breadcrumb\",\"itemListElement\":[{\"@type\":\"ListItem\",\"position\":1,\"name\":\"\u0413\u043b\u0430\u0432\u043d\u0430\u044f \u0441\u0442\u0440\u0430\u043d\u0438\u0446\u0430\",\"item\":\"https:\\\/\\\/megapari.games\\\/iceland\\\/\"},{\"@type\":\"ListItem\",\"position\":2,\"name\":\"App\"}]},{\"@type\":\"WebSite\",\"@id\":\"https:\\\/\\\/megapari.games\\\/iceland\\\/#website\",\"url\":\"https:\\\/\\\/megapari.games\\\/iceland\\\/\",\"name\":\"megapari games is\",\"description\":\"My WordPress Blog\",\"potentialAction\":[{\"@type\":\"SearchAction\",\"target\":{\"@type\":\"EntryPoint\",\"urlTemplate\":\"https:\\\/\\\/megapari.games\\\/iceland\\\/?s={search_term_string}\"},\"query-input\":{\"@type\":\"PropertyValueSpecification\",\"valueRequired\":true,\"valueName\":\"search_term_string\"}}],\"inLanguage\":\"is\"}]}<\/script>\n<!-- \/ Yoast SEO plugin. -->","yoast_head_json":{"title":"Megapari \u00cdsland app S\u00e6kja \u00f3keypis fyrir Android og iOS 2026","description":"S\u00e6ktu opinbera Megapari appi\u00f0 fyrir Android (APK) og iOS fyrir \u00ed\u00fer\u00f3ttir og ve\u00f0m\u00e1l \u00e1 netinu | N\u00fdjasta Megapari APK \u00fatg\u00e1fan 1.2.4","robots":{"index":"index","follow":"follow","max-snippet":"max-snippet:-1","max-image-preview":"max-image-preview:large","max-video-preview":"max-video-preview:-1"},"canonical":"https:\/\/megapari.games\/iceland\/mobile\/","og_locale":"is_IS","og_type":"article","og_title":"Megapari \u00cdsland app S\u00e6kja \u00f3keypis fyrir Android og iOS 2026","og_description":"S\u00e6ktu opinbera Megapari appi\u00f0 fyrir Android (APK) og iOS fyrir \u00ed\u00fer\u00f3ttir og ve\u00f0m\u00e1l \u00e1 netinu | N\u00fdjasta Megapari APK \u00fatg\u00e1fan 1.2.4","og_url":"https:\/\/megapari.games\/iceland\/mobile\/","og_site_name":"megapari games is","article_modified_time":"2025-03-02T15:14:27+00:00","twitter_card":"summary_large_image","schema":{"@context":"https:\/\/schema.org","@graph":[{"@type":"WebPage","@id":"https:\/\/megapari.games\/iceland\/mobile\/","url":"https:\/\/megapari.games\/iceland\/mobile\/","name":"Megapari \u00cdsland app S\u00e6kja \u00f3keypis fyrir Android og iOS 2026","isPartOf":{"@id":"https:\/\/megapari.games\/iceland\/#website"},"datePublished":"2024-06-17T11:49:59+00:00","dateModified":"2025-03-02T15:14:27+00:00","description":"S\u00e6ktu opinbera Megapari appi\u00f0 fyrir Android (APK) og iOS fyrir \u00ed\u00fer\u00f3ttir og ve\u00f0m\u00e1l \u00e1 netinu | N\u00fdjasta Megapari APK \u00fatg\u00e1fan 1.2.4","breadcrumb":{"@id":"https:\/\/megapari.games\/iceland\/mobile\/#breadcrumb"},"inLanguage":"is","potentialAction":[{"@type":"ReadAction","target":["https:\/\/megapari.games\/iceland\/mobile\/"]}]},{"@type":"BreadcrumbList","@id":"https:\/\/megapari.games\/iceland\/mobile\/#breadcrumb","itemListElement":[{"@type":"ListItem","position":1,"name":"\u0413\u043b\u0430\u0432\u043d\u0430\u044f \u0441\u0442\u0440\u0430\u043d\u0438\u0446\u0430","item":"https:\/\/megapari.games\/iceland\/"},{"@type":"ListItem","position":2,"name":"App"}]},{"@type":"WebSite","@id":"https:\/\/megapari.games\/iceland\/#website","url":"https:\/\/megapari.games\/iceland\/","name":"megapari games is","description":"My WordPress Blog","potentialAction":[{"@type":"SearchAction","target":{"@type":"EntryPoint","urlTemplate":"https:\/\/megapari.games\/iceland\/?s={search_term_string}"},"query-input":{"@type":"PropertyValueSpecification","valueRequired":true,"valueName":"search_term_string"}}],"inLanguage":"is"}]}},"_links":{"self":[{"href":"https:\/\/megapari.games\/iceland\/wp-json\/wp\/v2\/pages\/226","targetHints":{"allow":["GET"]}}],"collection":[{"href":"https:\/\/megapari.games\/iceland\/wp-json\/wp\/v2\/pages"}],"about":[{"href":"https:\/\/megapari.games\/iceland\/wp-json\/wp\/v2\/types\/page"}],"author":[{"embeddable":true,"href":"https:\/\/megapari.games\/iceland\/wp-json\/wp\/v2\/users\/1"}],"replies":[{"embeddable":true,"href":"https:\/\/megapari.games\/iceland\/wp-json\/wp\/v2\/comments?post=226"}],"version-history":[{"count":0,"href":"https:\/\/megapari.games\/iceland\/wp-json\/wp\/v2\/pages\/226\/revisions"}],"wp:attachment":[{"href":"https:\/\/megapari.games\/iceland\/wp-json\/wp\/v2\/media?parent=226"}],"curies":[{"name":"wp","href":"https:\/\/api.w.org\/{rel}","templated":true}]}}