{"id":1699,"date":"2026-03-24T18:09:40","date_gmt":"2026-03-24T18:09:40","guid":{"rendered":"https:\/\/megapari.games\/morocco\/?page_id=1699"},"modified":"2026-04-24T10:47:57","modified_gmt":"2026-04-24T10:47:57","slug":"first-deposit-freebet","status":"publish","type":"page","link":"https:\/\/megapari.games\/morocco\/bonus\/first-deposit-freebet\/","title":{"rendered":"Pari gratuit sur le premier d\u00e9p\u00f4t"},"content":{"rendered":"","protected":false},"excerpt":{"rendered":"","protected":false},"author":1,"featured_media":0,"parent":152,"menu_order":0,"comment_status":"closed","ping_status":"closed","template":"","meta":{"inline_featured_image":false,"footnotes":""},"class_list":["post-1699","page","type-page","status-publish","hentry"],"yoast_head":"<!-- This site is optimized with the Yoast SEO plugin v27.5 - https:\/\/yoast.com\/product\/yoast-seo-wordpress\/ -->\n<title>Bonus 1er d\u00e9p\u00f4t Megapari Maroc \u2014 15% en Free Bet jusqu&#039;\u00e0 1 100 MAD<\/title>\n<meta name=\"description\" content=\"Effectuez votre premier d\u00e9p\u00f4t chez Megapari et recevez un pari gratuit de 15% jusqu&#039;\u00e0 1 100 MAD. Inscrivez-vous, approvisionnez votre compte et recevez un pari gratuit de 15% sous forme de code promotionnel.\" \/>\n<meta name=\"robots\" content=\"index, follow, max-snippet:-1, max-image-preview:large, max-video-preview:-1\" \/>\n<link rel=\"canonical\" href=\"https:\/\/megapari.games\/morocco\/bonus\/first-deposit-freebet\/\" \/>\n<meta property=\"og:locale\" content=\"fr_FR\" \/>\n<meta property=\"og:type\" content=\"article\" \/>\n<meta property=\"og:title\" content=\"Bonus 1er d\u00e9p\u00f4t Megapari Maroc \u2014 15% en Free Bet jusqu&#039;\u00e0 1 100 MAD\" \/>\n<meta property=\"og:description\" content=\"Effectuez votre premier d\u00e9p\u00f4t chez Megapari et recevez un pari gratuit de 15% jusqu&#039;\u00e0 1 100 MAD. Inscrivez-vous, approvisionnez votre compte et recevez un pari gratuit de 15% sous forme de code promotionnel.\" \/>\n<meta property=\"og:url\" content=\"https:\/\/megapari.games\/morocco\/bonus\/first-deposit-freebet\/\" \/>\n<meta property=\"og:site_name\" content=\"Megapari Games MA\" \/>\n<meta property=\"article:modified_time\" content=\"2026-04-24T10:47:57+00:00\" \/>\n<meta name=\"twitter:card\" content=\"summary_large_image\" \/>\n<script type=\"application\/ld+json\" class=\"yoast-schema-graph\">{\"@context\":\"https:\\\/\\\/schema.org\",\"@graph\":[{\"@type\":\"WebPage\",\"@id\":\"https:\\\/\\\/megapari.games\\\/morocco\\\/bonus\\\/first-deposit-freebet\\\/\",\"url\":\"https:\\\/\\\/megapari.games\\\/morocco\\\/bonus\\\/first-deposit-freebet\\\/\",\"name\":\"Bonus 1er d\u00e9p\u00f4t Megapari Maroc \u2014 15% en Free Bet jusqu'\u00e0 1 100 MAD\",\"isPartOf\":{\"@id\":\"https:\\\/\\\/megapari.games\\\/morocco\\\/#website\"},\"datePublished\":\"2026-03-24T18:09:40+00:00\",\"dateModified\":\"2026-04-24T10:47:57+00:00\",\"description\":\"Effectuez votre premier d\u00e9p\u00f4t chez Megapari et recevez un pari gratuit de 15% jusqu'\u00e0 1 100 MAD. Inscrivez-vous, approvisionnez votre compte et recevez un pari gratuit de 15% sous forme de code promotionnel.\",\"breadcrumb\":{\"@id\":\"https:\\\/\\\/megapari.games\\\/morocco\\\/bonus\\\/first-deposit-freebet\\\/#breadcrumb\"},\"inLanguage\":\"fr-MA\",\"potentialAction\":[{\"@type\":\"ReadAction\",\"target\":[\"https:\\\/\\\/megapari.games\\\/morocco\\\/bonus\\\/first-deposit-freebet\\\/\"]}]},{\"@type\":\"BreadcrumbList\",\"@id\":\"https:\\\/\\\/megapari.games\\\/morocco\\\/bonus\\\/first-deposit-freebet\\\/#breadcrumb\",\"itemListElement\":[{\"@type\":\"ListItem\",\"position\":1,\"name\":\"\u0413\u043b\u0430\u0432\u043d\u0430\u044f \u0441\u0442\u0440\u0430\u043d\u0438\u0446\u0430\",\"item\":\"https:\\\/\\\/megapari.games\\\/morocco\\\/\"},{\"@type\":\"ListItem\",\"position\":2,\"name\":\"Bonus\",\"item\":\"https:\\\/\\\/megapari.games\\\/morocco\\\/bonus\\\/\"},{\"@type\":\"ListItem\",\"position\":3,\"name\":\"Pari gratuit sur le premier d\u00e9p\u00f4t\"}]},{\"@type\":\"WebSite\",\"@id\":\"https:\\\/\\\/megapari.games\\\/morocco\\\/#website\",\"url\":\"https:\\\/\\\/megapari.games\\\/morocco\\\/\",\"name\":\"Megapari Games MA\",\"description\":\"My WordPress Blog\",\"potentialAction\":[{\"@type\":\"SearchAction\",\"target\":{\"@type\":\"EntryPoint\",\"urlTemplate\":\"https:\\\/\\\/megapari.games\\\/morocco\\\/?s={search_term_string}\"},\"query-input\":{\"@type\":\"PropertyValueSpecification\",\"valueRequired\":true,\"valueName\":\"search_term_string\"}}],\"inLanguage\":\"fr-MA\"}]}<\/script>\n<!-- \/ Yoast SEO plugin. -->","yoast_head_json":{"title":"Bonus 1er d\u00e9p\u00f4t Megapari Maroc \u2014 15% en Free Bet jusqu'\u00e0 1 100 MAD","description":"Effectuez votre premier d\u00e9p\u00f4t chez Megapari et recevez un pari gratuit de 15% jusqu'\u00e0 1 100 MAD. Inscrivez-vous, approvisionnez votre compte et recevez un pari gratuit de 15% sous forme de code promotionnel.","robots":{"index":"index","follow":"follow","max-snippet":"max-snippet:-1","max-image-preview":"max-image-preview:large","max-video-preview":"max-video-preview:-1"},"canonical":"https:\/\/megapari.games\/morocco\/bonus\/first-deposit-freebet\/","og_locale":"fr_FR","og_type":"article","og_title":"Bonus 1er d\u00e9p\u00f4t Megapari Maroc \u2014 15% en Free Bet jusqu'\u00e0 1 100 MAD","og_description":"Effectuez votre premier d\u00e9p\u00f4t chez Megapari et recevez un pari gratuit de 15% jusqu'\u00e0 1 100 MAD. Inscrivez-vous, approvisionnez votre compte et recevez un pari gratuit de 15% sous forme de code promotionnel.","og_url":"https:\/\/megapari.games\/morocco\/bonus\/first-deposit-freebet\/","og_site_name":"Megapari Games MA","article_modified_time":"2026-04-24T10:47:57+00:00","twitter_card":"summary_large_image","schema":{"@context":"https:\/\/schema.org","@graph":[{"@type":"WebPage","@id":"https:\/\/megapari.games\/morocco\/bonus\/first-deposit-freebet\/","url":"https:\/\/megapari.games\/morocco\/bonus\/first-deposit-freebet\/","name":"Bonus 1er d\u00e9p\u00f4t Megapari Maroc \u2014 15% en Free Bet jusqu'\u00e0 1 100 MAD","isPartOf":{"@id":"https:\/\/megapari.games\/morocco\/#website"},"datePublished":"2026-03-24T18:09:40+00:00","dateModified":"2026-04-24T10:47:57+00:00","description":"Effectuez votre premier d\u00e9p\u00f4t chez Megapari et recevez un pari gratuit de 15% jusqu'\u00e0 1 100 MAD. Inscrivez-vous, approvisionnez votre compte et recevez un pari gratuit de 15% sous forme de code promotionnel.","breadcrumb":{"@id":"https:\/\/megapari.games\/morocco\/bonus\/first-deposit-freebet\/#breadcrumb"},"inLanguage":"fr-MA","potentialAction":[{"@type":"ReadAction","target":["https:\/\/megapari.games\/morocco\/bonus\/first-deposit-freebet\/"]}]},{"@type":"BreadcrumbList","@id":"https:\/\/megapari.games\/morocco\/bonus\/first-deposit-freebet\/#breadcrumb","itemListElement":[{"@type":"ListItem","position":1,"name":"\u0413\u043b\u0430\u0432\u043d\u0430\u044f \u0441\u0442\u0440\u0430\u043d\u0438\u0446\u0430","item":"https:\/\/megapari.games\/morocco\/"},{"@type":"ListItem","position":2,"name":"Bonus","item":"https:\/\/megapari.games\/morocco\/bonus\/"},{"@type":"ListItem","position":3,"name":"Pari gratuit sur le premier d\u00e9p\u00f4t"}]},{"@type":"WebSite","@id":"https:\/\/megapari.games\/morocco\/#website","url":"https:\/\/megapari.games\/morocco\/","name":"Megapari Games MA","description":"My WordPress Blog","potentialAction":[{"@type":"SearchAction","target":{"@type":"EntryPoint","urlTemplate":"https:\/\/megapari.games\/morocco\/?s={search_term_string}"},"query-input":{"@type":"PropertyValueSpecification","valueRequired":true,"valueName":"search_term_string"}}],"inLanguage":"fr-MA"}]}},"_links":{"self":[{"href":"https:\/\/megapari.games\/morocco\/wp-json\/wp\/v2\/pages\/1699","targetHints":{"allow":["GET"]}}],"collection":[{"href":"https:\/\/megapari.games\/morocco\/wp-json\/wp\/v2\/pages"}],"about":[{"href":"https:\/\/megapari.games\/morocco\/wp-json\/wp\/v2\/types\/page"}],"author":[{"embeddable":true,"href":"https:\/\/megapari.games\/morocco\/wp-json\/wp\/v2\/users\/1"}],"replies":[{"embeddable":true,"href":"https:\/\/megapari.games\/morocco\/wp-json\/wp\/v2\/comments?post=1699"}],"version-history":[{"count":5,"href":"https:\/\/megapari.games\/morocco\/wp-json\/wp\/v2\/pages\/1699\/revisions"}],"predecessor-version":[{"id":1885,"href":"https:\/\/megapari.games\/morocco\/wp-json\/wp\/v2\/pages\/1699\/revisions\/1885"}],"up":[{"embeddable":true,"href":"https:\/\/megapari.games\/morocco\/wp-json\/wp\/v2\/pages\/152"}],"wp:attachment":[{"href":"https:\/\/megapari.games\/morocco\/wp-json\/wp\/v2\/media?parent=1699"}],"curies":[{"name":"wp","href":"https:\/\/api.w.org\/{rel}","templated":true}]}}