{"id":598,"date":"2024-09-23T13:49:43","date_gmt":"2024-09-23T13:49:43","guid":{"rendered":"https:\/\/megapari.games\/peru\/?page_id=598"},"modified":"2025-07-28T12:17:54","modified_gmt":"2025-07-28T12:17:54","slug":"apk","status":"publish","type":"page","link":"https:\/\/megapari.games\/peru\/apk\/","title":{"rendered":"Apk"},"content":{"rendered":"","protected":false},"excerpt":{"rendered":"","protected":false},"author":1,"featured_media":0,"parent":0,"menu_order":0,"comment_status":"closed","ping_status":"closed","template":"","meta":{"inline_featured_image":false,"footnotes":""},"class_list":["post-598","page","type-page","status-publish","hentry"],"yoast_head":"<!-- This site is optimized with the Yoast SEO plugin v27.3 - https:\/\/yoast.com\/product\/yoast-seo-wordpress\/ -->\n<title>Megapari Per\u00fa Apk Descargar \u23e9 Deportes y Juegos para Android<\/title>\n<meta name=\"description\" content=\"Descargar el apk oficial Megapari para Android para apuestas deportivas y casino \u2b50 C\u00f3mo instalar la \u00faltima versi\u00f3n APK Megapari \u25b7 MegaPari Apk Gu\u00eda para una experiencia de apuestas sin problemas.\" \/>\n<meta name=\"robots\" content=\"index, follow, max-snippet:-1, max-image-preview:large, max-video-preview:-1\" \/>\n<link rel=\"canonical\" href=\"https:\/\/megapari.games\/peru\/apk\/\" \/>\n<meta property=\"og:locale\" content=\"es_ES\" \/>\n<meta property=\"og:type\" content=\"article\" \/>\n<meta property=\"og:title\" content=\"Megapari Per\u00fa Apk Descargar \u23e9 Deportes y Juegos para Android\" \/>\n<meta property=\"og:description\" content=\"Descargar el apk oficial Megapari para Android para apuestas deportivas y casino \u2b50 C\u00f3mo instalar la \u00faltima versi\u00f3n APK Megapari \u25b7 MegaPari Apk Gu\u00eda para una experiencia de apuestas sin problemas.\" \/>\n<meta property=\"og:url\" content=\"https:\/\/megapari.games\/peru\/apk\/\" \/>\n<meta property=\"og:site_name\" content=\"Megapari Games PE\" \/>\n<meta property=\"article:modified_time\" content=\"2025-07-28T12:17:54+00:00\" \/>\n<meta name=\"twitter:card\" content=\"summary_large_image\" \/>\n<script type=\"application\/ld+json\" class=\"yoast-schema-graph\">{\"@context\":\"https:\\\/\\\/schema.org\",\"@graph\":[{\"@type\":\"WebPage\",\"@id\":\"https:\\\/\\\/megapari.games\\\/peru\\\/apk\\\/\",\"url\":\"https:\\\/\\\/megapari.games\\\/peru\\\/apk\\\/\",\"name\":\"Megapari Per\u00fa Apk Descargar \u23e9 Deportes y Juegos para Android\",\"isPartOf\":{\"@id\":\"https:\\\/\\\/megapari.games\\\/peru\\\/#website\"},\"datePublished\":\"2024-09-23T13:49:43+00:00\",\"dateModified\":\"2025-07-28T12:17:54+00:00\",\"description\":\"Descargar el apk oficial Megapari para Android para apuestas deportivas y casino \u2b50 C\u00f3mo instalar la \u00faltima versi\u00f3n APK Megapari \u25b7 MegaPari Apk Gu\u00eda para una experiencia de apuestas sin problemas.\",\"breadcrumb\":{\"@id\":\"https:\\\/\\\/megapari.games\\\/peru\\\/apk\\\/#breadcrumb\"},\"inLanguage\":\"es-PE\",\"potentialAction\":[{\"@type\":\"ReadAction\",\"target\":[\"https:\\\/\\\/megapari.games\\\/peru\\\/apk\\\/\"]}]},{\"@type\":\"BreadcrumbList\",\"@id\":\"https:\\\/\\\/megapari.games\\\/peru\\\/apk\\\/#breadcrumb\",\"itemListElement\":[{\"@type\":\"ListItem\",\"position\":1,\"name\":\"\u0413\u043b\u0430\u0432\u043d\u0430\u044f \u0441\u0442\u0440\u0430\u043d\u0438\u0446\u0430\",\"item\":\"https:\\\/\\\/megapari.games\\\/peru\\\/\"},{\"@type\":\"ListItem\",\"position\":2,\"name\":\"Apk\"}]},{\"@type\":\"WebSite\",\"@id\":\"https:\\\/\\\/megapari.games\\\/peru\\\/#website\",\"url\":\"https:\\\/\\\/megapari.games\\\/peru\\\/\",\"name\":\"Megapari Games PE\",\"description\":\"My WordPress Blog\",\"potentialAction\":[{\"@type\":\"SearchAction\",\"target\":{\"@type\":\"EntryPoint\",\"urlTemplate\":\"https:\\\/\\\/megapari.games\\\/peru\\\/?s={search_term_string}\"},\"query-input\":{\"@type\":\"PropertyValueSpecification\",\"valueRequired\":true,\"valueName\":\"search_term_string\"}}],\"inLanguage\":\"es-PE\"}]}<\/script>\n<!-- \/ Yoast SEO plugin. -->","yoast_head_json":{"title":"Megapari Per\u00fa Apk Descargar \u23e9 Deportes y Juegos para Android","description":"Descargar el apk oficial Megapari para Android para apuestas deportivas y casino \u2b50 C\u00f3mo instalar la \u00faltima versi\u00f3n APK Megapari \u25b7 MegaPari Apk Gu\u00eda para una experiencia de apuestas sin problemas.","robots":{"index":"index","follow":"follow","max-snippet":"max-snippet:-1","max-image-preview":"max-image-preview:large","max-video-preview":"max-video-preview:-1"},"canonical":"https:\/\/megapari.games\/peru\/apk\/","og_locale":"es_ES","og_type":"article","og_title":"Megapari Per\u00fa Apk Descargar \u23e9 Deportes y Juegos para Android","og_description":"Descargar el apk oficial Megapari para Android para apuestas deportivas y casino \u2b50 C\u00f3mo instalar la \u00faltima versi\u00f3n APK Megapari \u25b7 MegaPari Apk Gu\u00eda para una experiencia de apuestas sin problemas.","og_url":"https:\/\/megapari.games\/peru\/apk\/","og_site_name":"Megapari Games PE","article_modified_time":"2025-07-28T12:17:54+00:00","twitter_card":"summary_large_image","schema":{"@context":"https:\/\/schema.org","@graph":[{"@type":"WebPage","@id":"https:\/\/megapari.games\/peru\/apk\/","url":"https:\/\/megapari.games\/peru\/apk\/","name":"Megapari Per\u00fa Apk Descargar \u23e9 Deportes y Juegos para Android","isPartOf":{"@id":"https:\/\/megapari.games\/peru\/#website"},"datePublished":"2024-09-23T13:49:43+00:00","dateModified":"2025-07-28T12:17:54+00:00","description":"Descargar el apk oficial Megapari para Android para apuestas deportivas y casino \u2b50 C\u00f3mo instalar la \u00faltima versi\u00f3n APK Megapari \u25b7 MegaPari Apk Gu\u00eda para una experiencia de apuestas sin problemas.","breadcrumb":{"@id":"https:\/\/megapari.games\/peru\/apk\/#breadcrumb"},"inLanguage":"es-PE","potentialAction":[{"@type":"ReadAction","target":["https:\/\/megapari.games\/peru\/apk\/"]}]},{"@type":"BreadcrumbList","@id":"https:\/\/megapari.games\/peru\/apk\/#breadcrumb","itemListElement":[{"@type":"ListItem","position":1,"name":"\u0413\u043b\u0430\u0432\u043d\u0430\u044f \u0441\u0442\u0440\u0430\u043d\u0438\u0446\u0430","item":"https:\/\/megapari.games\/peru\/"},{"@type":"ListItem","position":2,"name":"Apk"}]},{"@type":"WebSite","@id":"https:\/\/megapari.games\/peru\/#website","url":"https:\/\/megapari.games\/peru\/","name":"Megapari Games PE","description":"My WordPress Blog","potentialAction":[{"@type":"SearchAction","target":{"@type":"EntryPoint","urlTemplate":"https:\/\/megapari.games\/peru\/?s={search_term_string}"},"query-input":{"@type":"PropertyValueSpecification","valueRequired":true,"valueName":"search_term_string"}}],"inLanguage":"es-PE"}]}},"_links":{"self":[{"href":"https:\/\/megapari.games\/peru\/wp-json\/wp\/v2\/pages\/598","targetHints":{"allow":["GET"]}}],"collection":[{"href":"https:\/\/megapari.games\/peru\/wp-json\/wp\/v2\/pages"}],"about":[{"href":"https:\/\/megapari.games\/peru\/wp-json\/wp\/v2\/types\/page"}],"author":[{"embeddable":true,"href":"https:\/\/megapari.games\/peru\/wp-json\/wp\/v2\/users\/1"}],"replies":[{"embeddable":true,"href":"https:\/\/megapari.games\/peru\/wp-json\/wp\/v2\/comments?post=598"}],"version-history":[{"count":2,"href":"https:\/\/megapari.games\/peru\/wp-json\/wp\/v2\/pages\/598\/revisions"}],"predecessor-version":[{"id":841,"href":"https:\/\/megapari.games\/peru\/wp-json\/wp\/v2\/pages\/598\/revisions\/841"}],"wp:attachment":[{"href":"https:\/\/megapari.games\/peru\/wp-json\/wp\/v2\/media?parent=598"}],"curies":[{"name":"wp","href":"https:\/\/api.w.org\/{rel}","templated":true}]}}