{"id":1259,"date":"2026-02-09T08:29:44","date_gmt":"2026-02-09T08:29:44","guid":{"rendered":"https:\/\/megapari.games\/?page_id=1259"},"modified":"2026-02-18T09:45:25","modified_gmt":"2026-02-18T09:45:25","slug":"games","status":"publish","type":"page","link":"https:\/\/megapari.games\/portugal\/games\/","title":{"rendered":"Jogos"},"content":{"rendered":"","protected":false},"excerpt":{"rendered":"","protected":false},"author":1,"featured_media":0,"parent":0,"menu_order":0,"comment_status":"closed","ping_status":"closed","template":"","meta":{"inline_featured_image":false,"footnotes":""},"class_list":["post-1259","page","type-page","status-publish","hentry"],"yoast_head":"<!-- This site is optimized with the Yoast SEO plugin v27.3 - https:\/\/yoast.com\/product\/yoast-seo-wordpress\/ -->\n<title>Jogos do Casino Megapari \u2705 Slots, Jogos Crash<\/title>\n<meta name=\"description\" content=\"O casino Megapari oferece milhares de slots, jogos crash e formatos instant\u00e2neos num \u00fanico lobby. Alterne rapidamente entre g\u00e9neros e jogue a partir de uma \u00fanica conta.\" \/>\n<meta name=\"robots\" content=\"index, follow, max-snippet:-1, max-image-preview:large, max-video-preview:-1\" \/>\n<link rel=\"canonical\" href=\"https:\/\/megapari.games\/portugal\/games\/\" \/>\n<meta property=\"og:locale\" content=\"pt_PT\" \/>\n<meta property=\"og:type\" content=\"article\" \/>\n<meta property=\"og:title\" content=\"Jogos do Casino Megapari \u2705 Slots, Jogos Crash\" \/>\n<meta property=\"og:description\" content=\"O casino Megapari oferece milhares de slots, jogos crash e formatos instant\u00e2neos num \u00fanico lobby. Alterne rapidamente entre g\u00e9neros e jogue a partir de uma \u00fanica conta.\" \/>\n<meta property=\"og:url\" content=\"https:\/\/megapari.games\/portugal\/games\/\" \/>\n<meta property=\"og:site_name\" content=\"Megapari Games pt\" \/>\n<meta property=\"article:modified_time\" content=\"2026-02-18T09:45:25+00:00\" \/>\n<meta name=\"twitter:card\" content=\"summary_large_image\" \/>\n<script type=\"application\/ld+json\" class=\"yoast-schema-graph\">{\"@context\":\"https:\\\/\\\/schema.org\",\"@graph\":[{\"@type\":\"WebPage\",\"@id\":\"https:\\\/\\\/megapari.games\\\/portugal\\\/games\\\/\",\"url\":\"https:\\\/\\\/megapari.games\\\/portugal\\\/games\\\/\",\"name\":\"Jogos do Casino Megapari \u2705 Slots, Jogos Crash\",\"isPartOf\":{\"@id\":\"https:\\\/\\\/megapari.games\\\/portugal\\\/#website\"},\"datePublished\":\"2026-02-09T08:29:44+00:00\",\"dateModified\":\"2026-02-18T09:45:25+00:00\",\"description\":\"O casino Megapari oferece milhares de slots, jogos crash e formatos instant\u00e2neos num \u00fanico lobby. Alterne rapidamente entre g\u00e9neros e jogue a partir de uma \u00fanica conta.\",\"breadcrumb\":{\"@id\":\"https:\\\/\\\/megapari.games\\\/portugal\\\/games\\\/#breadcrumb\"},\"inLanguage\":\"pt-PT\",\"potentialAction\":[{\"@type\":\"ReadAction\",\"target\":[\"https:\\\/\\\/megapari.games\\\/portugal\\\/games\\\/\"]}]},{\"@type\":\"BreadcrumbList\",\"@id\":\"https:\\\/\\\/megapari.games\\\/portugal\\\/games\\\/#breadcrumb\",\"itemListElement\":[{\"@type\":\"ListItem\",\"position\":1,\"name\":\"\u0413\u043b\u0430\u0432\u043d\u0430\u044f \u0441\u0442\u0440\u0430\u043d\u0438\u0446\u0430\",\"item\":\"https:\\\/\\\/megapari.games\\\/portugal\\\/\"},{\"@type\":\"ListItem\",\"position\":2,\"name\":\"Jogos\"}]},{\"@type\":\"WebSite\",\"@id\":\"https:\\\/\\\/megapari.games\\\/portugal\\\/#website\",\"url\":\"https:\\\/\\\/megapari.games\\\/portugal\\\/\",\"name\":\"Megapari Games pt\",\"description\":\"My WordPress Blog\",\"potentialAction\":[{\"@type\":\"SearchAction\",\"target\":{\"@type\":\"EntryPoint\",\"urlTemplate\":\"https:\\\/\\\/megapari.games\\\/portugal\\\/?s={search_term_string}\"},\"query-input\":{\"@type\":\"PropertyValueSpecification\",\"valueRequired\":true,\"valueName\":\"search_term_string\"}}],\"inLanguage\":\"pt-PT\"}]}<\/script>\n<!-- \/ Yoast SEO plugin. -->","yoast_head_json":{"title":"Jogos do Casino Megapari \u2705 Slots, Jogos Crash","description":"O casino Megapari oferece milhares de slots, jogos crash e formatos instant\u00e2neos num \u00fanico lobby. Alterne rapidamente entre g\u00e9neros e jogue a partir de uma \u00fanica conta.","robots":{"index":"index","follow":"follow","max-snippet":"max-snippet:-1","max-image-preview":"max-image-preview:large","max-video-preview":"max-video-preview:-1"},"canonical":"https:\/\/megapari.games\/portugal\/games\/","og_locale":"pt_PT","og_type":"article","og_title":"Jogos do Casino Megapari \u2705 Slots, Jogos Crash","og_description":"O casino Megapari oferece milhares de slots, jogos crash e formatos instant\u00e2neos num \u00fanico lobby. Alterne rapidamente entre g\u00e9neros e jogue a partir de uma \u00fanica conta.","og_url":"https:\/\/megapari.games\/portugal\/games\/","og_site_name":"Megapari Games pt","article_modified_time":"2026-02-18T09:45:25+00:00","twitter_card":"summary_large_image","schema":{"@context":"https:\/\/schema.org","@graph":[{"@type":"WebPage","@id":"https:\/\/megapari.games\/portugal\/games\/","url":"https:\/\/megapari.games\/portugal\/games\/","name":"Jogos do Casino Megapari \u2705 Slots, Jogos Crash","isPartOf":{"@id":"https:\/\/megapari.games\/portugal\/#website"},"datePublished":"2026-02-09T08:29:44+00:00","dateModified":"2026-02-18T09:45:25+00:00","description":"O casino Megapari oferece milhares de slots, jogos crash e formatos instant\u00e2neos num \u00fanico lobby. Alterne rapidamente entre g\u00e9neros e jogue a partir de uma \u00fanica conta.","breadcrumb":{"@id":"https:\/\/megapari.games\/portugal\/games\/#breadcrumb"},"inLanguage":"pt-PT","potentialAction":[{"@type":"ReadAction","target":["https:\/\/megapari.games\/portugal\/games\/"]}]},{"@type":"BreadcrumbList","@id":"https:\/\/megapari.games\/portugal\/games\/#breadcrumb","itemListElement":[{"@type":"ListItem","position":1,"name":"\u0413\u043b\u0430\u0432\u043d\u0430\u044f \u0441\u0442\u0440\u0430\u043d\u0438\u0446\u0430","item":"https:\/\/megapari.games\/portugal\/"},{"@type":"ListItem","position":2,"name":"Jogos"}]},{"@type":"WebSite","@id":"https:\/\/megapari.games\/portugal\/#website","url":"https:\/\/megapari.games\/portugal\/","name":"Megapari Games pt","description":"My WordPress Blog","potentialAction":[{"@type":"SearchAction","target":{"@type":"EntryPoint","urlTemplate":"https:\/\/megapari.games\/portugal\/?s={search_term_string}"},"query-input":{"@type":"PropertyValueSpecification","valueRequired":true,"valueName":"search_term_string"}}],"inLanguage":"pt-PT"}]}},"_links":{"self":[{"href":"https:\/\/megapari.games\/portugal\/wp-json\/wp\/v2\/pages\/1259","targetHints":{"allow":["GET"]}}],"collection":[{"href":"https:\/\/megapari.games\/portugal\/wp-json\/wp\/v2\/pages"}],"about":[{"href":"https:\/\/megapari.games\/portugal\/wp-json\/wp\/v2\/types\/page"}],"author":[{"embeddable":true,"href":"https:\/\/megapari.games\/portugal\/wp-json\/wp\/v2\/users\/1"}],"replies":[{"embeddable":true,"href":"https:\/\/megapari.games\/portugal\/wp-json\/wp\/v2\/comments?post=1259"}],"version-history":[{"count":2,"href":"https:\/\/megapari.games\/portugal\/wp-json\/wp\/v2\/pages\/1259\/revisions"}],"predecessor-version":[{"id":1401,"href":"https:\/\/megapari.games\/portugal\/wp-json\/wp\/v2\/pages\/1259\/revisions\/1401"}],"wp:attachment":[{"href":"https:\/\/megapari.games\/portugal\/wp-json\/wp\/v2\/media?parent=1259"}],"curies":[{"name":"wp","href":"https:\/\/api.w.org\/{rel}","templated":true}]}}